 198. List the prime factors of s.
2, 3, 11
What are the prime factors of 3*95652/(-6)*(-13)/78?
3, 2657
Suppose -605518 + 427118 - 1674088 = -72*b. What are the prime factors of b?
11, 2339
Let w = 438 + -432. What are the prime factors of 0 + 5307/6 - 3/w?
2, 13, 17
Let k(a) = -133*a + 3965. What are the prime factors of k(13)?
2, 13, 43
List the prime factors of ((4 - 1) + 2)*2054192/140.
2, 18341
Suppose 3*z + 5*y - 41 = 0, 0*z = 3*z + 4*y - 37. Let x(v) = -19 - 3*v - 4*v**2 - 30*v**3 - z + 25. What are the prime factors of x(-2)?
229
Suppose -6*f = -3*f - 4*p - 11857, f - 2*p = 3951. What are the prime factors of f?
5, 7, 113
Suppose l + 5*r + 97 = 3*l, 0 = -4*l + 2*r + 234. Suppose -62 - l = -m. List the prime factors of m.
3, 41
Suppose -377991 = -14*g + 110763 - 45542. What are the prime factors of g?
2, 11, 1439
Suppose 3*k - 9 = -3. Suppose k + 278 = -2*z. Let d = 212 + z. What are the prime factors of d?
2, 3
Let v(r) = 2*r**3 + 2*r**2 + 2*r - 1. Let j be v(-1). Let q(u) = -102*u + 12. List the prime factors of q(j).
2, 3, 53
Let l(t) = -t**3 + 12*t**2 - 13*t + 16. Let h be l(11). What are the prime factors of (-1880)/(-12)*h/(-4)?
5, 47
Suppose -q + 12 = 3*a + q, 5*a - 3*q - 1 = 0. Suppose -4*h + 748 = -5*r + a*r, 0 = -3*h - 2*r + 561. List the prime factors of h.
11, 17
Let x = -104 + 104. What are the prime factors of (5464/24 + x)*3?
683
Suppose 24 = 2*w + 8*x - 3*x, -2*w - 3*x + 32 = 0. Let d(c) = -c**2 + 63*c - 47. List the prime factors of d(w).
3, 5, 19
Let j(z) = -18 - 13 + 4*z**2 + 30 - 5*z - 4*z. Let m be j(-10). Suppose 4*w - 3 = 3*w, 3*h + 2*w = m. List the prime factors of h.
7, 23
Let v(z) = 743*z - 5 - 2 - 742*z. Let k be v(5). What are the prime factors of 114/4*(0 - k) - 2?
5, 11
Let t(c) = -c**3 + 15*c**2 + 17*c - 11. Let l be t(16). Suppose 1 + 9 = l*v. Suppose 2*h - v*p = 134, -47 - 87 = -2*h - 3*p. List the prime factors of h.
67
Suppose 0 + 4 = 2*g, g = 2*d + 118. Let z = 84 + d. Let t = -6 + z. What are the prime factors of t?
2, 5
Suppose j = 32*l - 33*l + 32290, -25 = -5*l. What are the prime factors of j?
5, 11, 587
Let k = -20 + 31. Let w = k - 6. Suppose -3*a = -w*a + 110. List the prime factors of a.
5, 11
What are the prime factors of ((-629152)/24)/((-88)/66)?
19661
Let q(x) = -x**2 + 3*x + 4. Let h be q(4). Suppose h = 9*i - 16*i + 14. What are the prime factors of ((-2)/12*i)/((-12)/216)?
2, 3
Let m be ((-11)/2 + 0)/((-6)/12). Suppose 12*w = m*w. Suppose 10*s - 1308 + 368 = w. List the prime factors of s.
2, 47
Suppose 1 = -t - 3, 15 = -3*j - 3*t. What are the prime factors of -1 - (j*385 + 3)?
3, 127
Let v(r) = -13*r**3 - 14*r**2 + 20*r - 56. List the prime factors of v(-14).
2, 3, 7, 97
Let p = -932 - -923. Let n(j) = 14*j**2 - 13*j + 94. What are the prime factors of n(p)?
5, 269
Let o be 0 - (1 + 0)*-1*2. What are the prime factors of -1 - (-2 + -98 + o)?
97
Suppose -4*g + 3*a = -8, g = -4*g - a + 29. Suppose 4*d + 4*t = 360, 3*d + g*t = 143 + 129. What are the prime factors of d?
89
Suppose -2*h - 10 = -3*d, 2*d - 4*h + 3 - 7 = 0. Suppose 0 = -d*w - 5*l + 2*l + 26, -l = 3*w - 22. List the prime factors of ((-10)/w)/(78/40 - 2).
5
Let v be 167310/126 + 2 + 13/(-7). Suppose -v = 6*c - 3740. What are the prime factors of c?
2, 3, 67
Suppose 109291 = -177*l + 190*l. List the prime factors of l.
7, 1201
Let s(m) = 10*m**2 - 34*m + 114. Let k be s(19). Suppose 0 = 2*q + 3*f - 3086, -12*q + k = -10*q + f. List the prime factors of q.
29, 53
Let z = 48373 + -25126. List the prime factors of z.
3, 7, 41
Suppose 0 = -4*a - 2*i + 10 - 24, 2*a - i + 13 = 0. Let z be 2*(a/(-10))/1. What are the prime factors of 125/5 - (3 + z)?
3, 7
Let u = -4706 - -10809. List the prime factors of u.
17, 359
Let q = 315 + -230. What are the prime factors of (q + 14)*(-30)/(-9)?
2, 3, 5, 11
Let s(x) = 1733*x**2 - 77*x + 237. List the prime factors of s(3).
3, 7, 743
Suppose 0 = 2*f - 2*j, -f - 5*j + 23 = 5. Let k be (-64 + f)/(2 + -1). Let m = k + 73. What are the prime factors of m?
2, 3
Suppose 2*w = 3*b + 101, -w - 1 - 4 = 0. Let m = 37 + b. Suppose m = 6*z - 0*z - 582. What are the prime factors of z?
97
Let z = -41 - -39. Let q be ((-144)/126)/(z/7). List the prime factors of (2/q)/((-1)/(-48)).
2, 3
Let s = 55 + -46. Suppose 3*n - 13 = -4*q, n = 2*n + 4*q + s. Suppose -n*t = -13*t + 146. List the prime factors of t.
73
Suppose -2*a = 13 + 3. Let m(n) be the first derivative of -5*n**2 + 37*n - 4759. List the prime factors of m(a).
3, 13
Let s(t) = 4*t**2 - 5*t + 57. Suppose -117 = -149*o + 140*o. What are the prime factors of s(o)?
2, 167
Suppose 2*f + 20763 = 340*b - 339*b, 2*f = -4*b + 82962. List the prime factors of b.
3, 5, 461
Suppose -7*g + 3555 = -2*g. Let d = g + -376. What are the prime factors of d?
5, 67
List the prime factors of 20/(-6)*5/(60/(-22986)).
5, 1277
Let p(n) = 65*n + 106. Let m be p(-9). Let f = m - -767. What are the prime factors of f?
2, 3
Suppose z = 14*z - 221. Let i(m) = 12 + m**3 + m - 5*m**2 + 0*m - 12*m**2 + 1. What are the prime factors of i(z)?
2, 3, 5
What are the prime factors of 12 + -26 + 34 + 43521?
43541
Let t = 12536 + -1500. List the prime factors of t.
2, 31, 89
Suppose -26*n = -326967 + 97309. List the prime factors of n.
11, 73
Let a = 31 + -26. Suppose -4*u + 5 = -6*u + a*p, u = p - 10. What are the prime factors of (-1135)/u + 3/9?
2, 19
Let i = -156 + 167. Suppose 0 = -4*b + 3*r + 293, 2*r = -5*b + 5*r + 364. Let s = b - i. List the prime factors of s.
2, 3, 5
Suppose 2*l = 5*y - 95979, -233*y - 5*l - 76790 = -237*y. List the prime factors of y.
5, 11, 349
Let w = 21769 + -9096. What are the prime factors of w?
19, 23, 29
Let x be (-6)/63 - 2/(42/(-65)). Suppose 20*i = x*i + 9911. List the prime factors of i.
11, 53
Let m(z) = -2*z**2 + 10*z - 2. Let j be m(4). Suppose n = j*n - 115. Suppose -3*i = -n - 244. What are the prime factors of i?
89
Let m(j) = -j**2 + 3*j + 10. Let q be m(5). Suppose q = -s - 0*s - 48. Let i = -35 - s. What are the prime factors of i?
13
What are the prime factors of 24*29/11136 + (-589935)/(-16)?
36871
Let l(h) = 44*h**2 + 123*h + 977. What are the prime factors of l(-8)?
53
Let r be 11 - ((-1 - -7) + 0). Suppose 4*a - 5*f = 664, 223 = 5*a + r*f - 652. List the prime factors of a.
3, 19
Let v(h) = h**3 + 13*h**2 + h + 13. Suppose -n - 36 = -94. Suppose n = -4*z + 10. List the prime factors of v(z).
5, 29
Suppose -315*j + 335*j - 127280 = 0. What are the prime factors of j?
2, 37, 43
Suppose -2*w = 10, -14780 = -x + 109*w - 106*w. List the prime factors of x.
5, 2953
Suppose 2*s + 5*s = 4263. Let c = -397 + s. What are the prime factors of c?
2, 53
Suppose -4*c - 7*r + 4*r + 447 = 0, 3*c = -2*r + 336. List the prime factors of c + (6 - 1) + 2 + -4.
3, 13
Let i = -139 + 142. Let v(f) = -i - 23 - 3*f - 48 + 12. List the prime factors of v(-25).
13
Suppose -2*b - 134*j = -130*j - 51654, 2*b = -j + 51651. What are the prime factors of b?
5, 1033
Let d = 3717 - 3620. Suppose -4*u - 66 = 114. Let q = u + d. What are the prime factors of q?
2, 13
Suppose 46861 = 32*k - 231699. What are the prime factors of k?
5, 1741
Let c = 5820 - 5588. What are the prime factors of c?
2, 29
Suppose c - 5*c + 82 = -3*w, 92 = 4*c + 2*w. Let n = -12 + c. Suppose -l - 747 = -n*l. What are the prime factors of l?
83
List the prime factors of 110601/(-24)*104/(-39).
12289
Let k = -5 + 10. Suppose 5*f = -10 + k. List the prime factors of 44 + f - (-6 - -7).
2, 3, 7
Let k(m) = 27*m**2 + 473. List the prime factors of k(-24).
5, 641
Let d = 34 + -34. Let v = 3 - d. Suppose 4*y - v = -g, 4*y = -3*g - 0*y + 9. List the prime factors of g.
3
Let w(u) = 2*u - 8. Let l be w(4). Let q be (-176 - l)*25 - (0 - 0). List the prime factors of 4/14 - (q/35 - -5).
11
Suppose 21*k - 43*k + 44 = 0. Suppose k = f, 47*r - 5*f = 52*r - 840. What are the prime factors of r?
2, 83
Let b = -2625 - -5411. List the prime factors of b.
2, 7, 199
Let j(z) = -7*z - 31*z**2 - 14 + 45*z**2 - 13*z**2. What are the prime factors of j(-12)?
2, 107
Let a be (50193 - (-25)/5) + 0 + -2. Suppose -14*l - 33*l = -a. What are the prime factors of l?
2, 3, 89
Let p(w) = 5*w**2 - 10*w - 738. List the prime factors of p(-58).
2, 3, 2777
Suppose 13 = 3*g + 2*u, 0 = 2*g - 2*u + 7 - 19. Let c be g + 3 + -1*4. 